{"id":1295,"date":"2015-07-17T09:08:18","date_gmt":"2015-07-17T07:08:18","guid":{"rendered":"http:\/\/visilab.etsii.uclm.es\/?page_id=1295"},"modified":"2015-07-21T09:16:24","modified_gmt":"2015-07-21T07:16:24","slug":"eyewear-selector","status":"publish","type":"page","link":"http:\/\/visilab.etsii.uclm.es\/?page_id=1295","title":{"rendered":"EYEWEAR SELECTOR"},"content":{"rendered":"<h1>EYEWEAR SELECTOR<\/h1>\n<p>Oscar Deniz, Javier Lorenzo, Modesto Castrill\u00f3n, Luis A. Canal\u00eds, Mario Hern\u00e1ndez.<br \/>\nUniversidad de Las Palmas de Gran Canaria<\/p>\n<p>The widespread availability of portable computing power and inexpensive digital videocameras opens up new possibilities for helping retailers in a number of markets. One example is in optical shops, where a number of systems exist that facilitate eyeglasses selection. These systems are now more necessary as the market is saturated with an increasingly complex array of lenses, frames, coatings, tints, photochromic and polarizing treatments, etc.<\/p>\n<p>Research challenges encompass Computer Vision, Multimedia and Human-Computer Interaction. Cost factors are also of importance for widespread product acceptance. The low-cost system designed allows the client to visualize different eyeglasses models on a computer or projected screen. Glass models are true-color images obtained from real models. The system is based on a homeostatic image control module (that keeps the image relatively stable under illumination changes), a face and eye detection module and a glass management module. The client can also move the glasses to fit them to the face.<\/p>\n<p>The selector works at 9.5fps using a PC and 2 cameras<\/p>\n<p>&nbsp;<\/p>\n<table style=\"text-align: center;\">\n<tbody>\n<tr>\n<td width=\"33%\"><img decoding=\"async\" src=\"http:\/\/visilab.etsii.uclm.es\/personas\/oscar\/SelectorGafas\/camara1_salida.gif\" alt=\"Color Transfer\"  \/><\/td>\n<td width=\"33%\"><img decoding=\"async\" src=\"http:\/\/visilab.etsii.uclm.es\/personas\/oscar\/SelectorGafas\/colocando.jpg\" alt=\"Color Transfer\" width=\"80%\"\/><\/td>\n<td ><img decoding=\"async\" src=\"http:\/\/visilab.etsii.uclm.es\/personas\/oscar\/SelectorGafas\/colocando_gafas1.gif\" alt=\"Color Transfer\" width=\"50%\" \/><\/td>\n<\/tr>\n<\/tbody>\n<\/table>\n","protected":false},"excerpt":{"rendered":"<p>EYEWEAR SELECTOR Oscar Deniz, Javier Lorenzo, Modesto Castrill\u00f3n, Luis A. Canal\u00eds, Mario Hern\u00e1ndez. Universidad de Las Palmas de Gran Canaria The widespread availability of portable computing power and inexpensive digital videocameras opens up new possibilities for helping retailers in a number of markets. One example is in optical shops, where a number of systems exist [&hellip;]<\/p>\n","protected":false},"author":3,"featured_media":0,"parent":1065,"menu_order":0,"comment_status":"closed","ping_status":"closed","template":"page-templates\/page-full-width.php","meta":{"jetpack_post_was_ever_published":false,"footnotes":"","_links_to":"","_links_to_target":""},"class_list":["post-1295","page","type-page","status-publish","hentry"],"yoast_head":"<!-- This site is optimized with the Yoast SEO plugin v26.4 - https:\/\/yoast.com\/wordpress\/plugins\/seo\/ -->\n<title>Eyewear Selector | Oscar Deniz | Visilab<\/title>\n<meta name=\"description\" content=\"The widespread availability of portable computing power and inexpensive digital videocameras opens up new possibilities for helping retailers in a number of markets...\" \/>\n<meta name=\"robots\" content=\"index, follow, max-snippet:-1, max-image-preview:large, max-video-preview:-1\" \/>\n<link rel=\"canonical\" href=\"http:\/\/visilab.etsii.uclm.es\/?page_id=1295\" \/>\n<meta property=\"og:locale\" content=\"es_ES\" \/>\n<meta property=\"og:type\" content=\"article\" \/>\n<meta property=\"og:title\" content=\"Eyewear Selector | Oscar Deniz | Visilab\" \/>\n<meta property=\"og:description\" content=\"The widespread availability of portable computing power and inexpensive digital videocameras opens up new possibilities for helping retailers in a number of markets...\" \/>\n<meta property=\"og:url\" content=\"http:\/\/visilab.etsii.uclm.es\/?page_id=1295\" \/>\n<meta property=\"og:site_name\" content=\"VISILAB\" \/>\n<meta property=\"article:modified_time\" content=\"2015-07-21T07:16:24+00:00\" \/>\n<meta property=\"og:image\" content=\"http:\/\/visilab.etsii.uclm.es\/personas\/oscar\/SelectorGafas\/camara1_salida.gif\" \/>\n<meta name=\"twitter:card\" content=\"summary_large_image\" \/>\n<meta name=\"twitter:site\" content=\"@GrupoVisilab\" \/>\n<meta name=\"twitter:label1\" content=\"Tiempo de lectura\" \/>\n\t<meta name=\"twitter:data1\" content=\"1 minuto\" \/>\n<script type=\"application\/ld+json\" class=\"yoast-schema-graph\">{\"@context\":\"https:\/\/schema.org\",\"@graph\":[{\"@type\":\"WebPage\",\"@id\":\"http:\/\/visilab.etsii.uclm.es\/?page_id=1295\",\"url\":\"http:\/\/visilab.etsii.uclm.es\/?page_id=1295\",\"name\":\"Eyewear Selector | Oscar Deniz | Visilab\",\"isPartOf\":{\"@id\":\"http:\/\/visilab.etsii.uclm.es\/#website\"},\"primaryImageOfPage\":{\"@id\":\"http:\/\/visilab.etsii.uclm.es\/?page_id=1295#primaryimage\"},\"image\":{\"@id\":\"http:\/\/visilab.etsii.uclm.es\/?page_id=1295#primaryimage\"},\"thumbnailUrl\":\"http:\/\/visilab.etsii.uclm.es\/personas\/oscar\/SelectorGafas\/camara1_salida.gif\",\"datePublished\":\"2015-07-17T07:08:18+00:00\",\"dateModified\":\"2015-07-21T07:16:24+00:00\",\"description\":\"The widespread availability of portable computing power and inexpensive digital videocameras opens up new possibilities for helping retailers in a number of markets...\",\"breadcrumb\":{\"@id\":\"http:\/\/visilab.etsii.uclm.es\/?page_id=1295#breadcrumb\"},\"inLanguage\":\"es\",\"potentialAction\":[{\"@type\":\"ReadAction\",\"target\":[\"http:\/\/visilab.etsii.uclm.es\/?page_id=1295\"]}]},{\"@type\":\"ImageObject\",\"inLanguage\":\"es\",\"@id\":\"http:\/\/visilab.etsii.uclm.es\/?page_id=1295#primaryimage\",\"url\":\"http:\/\/visilab.etsii.uclm.es\/personas\/oscar\/SelectorGafas\/camara1_salida.gif\",\"contentUrl\":\"http:\/\/visilab.etsii.uclm.es\/personas\/oscar\/SelectorGafas\/camara1_salida.gif\"},{\"@type\":\"BreadcrumbList\",\"@id\":\"http:\/\/visilab.etsii.uclm.es\/?page_id=1295#breadcrumb\",\"itemListElement\":[{\"@type\":\"ListItem\",\"position\":1,\"name\":\"Portada\",\"item\":\"http:\/\/visilab.etsii.uclm.es\/?page_id=1029\"},{\"@type\":\"ListItem\",\"position\":2,\"name\":\"Oscar Deniz &#8211; eng\",\"item\":\"http:\/\/visilab.etsii.uclm.es\/?page_id=1065\"},{\"@type\":\"ListItem\",\"position\":3,\"name\":\"EYEWEAR SELECTOR\"}]},{\"@type\":\"WebSite\",\"@id\":\"http:\/\/visilab.etsii.uclm.es\/#website\",\"url\":\"http:\/\/visilab.etsii.uclm.es\/\",\"name\":\"VISILAB\",\"description\":\"Grupo de Visi\u00f3n y Sistemas Inteligentes UCLM\",\"potentialAction\":[{\"@type\":\"SearchAction\",\"target\":{\"@type\":\"EntryPoint\",\"urlTemplate\":\"http:\/\/visilab.etsii.uclm.es\/?s={search_term_string}\"},\"query-input\":{\"@type\":\"PropertyValueSpecification\",\"valueRequired\":true,\"valueName\":\"search_term_string\"}}],\"inLanguage\":\"es\"}]}<\/script>\n<!-- \/ Yoast SEO plugin. -->","yoast_head_json":{"title":"Eyewear Selector | Oscar Deniz | Visilab","description":"The widespread availability of portable computing power and inexpensive digital videocameras opens up new possibilities for helping retailers in a number of markets...","robots":{"index":"index","follow":"follow","max-snippet":"max-snippet:-1","max-image-preview":"max-image-preview:large","max-video-preview":"max-video-preview:-1"},"canonical":"http:\/\/visilab.etsii.uclm.es\/?page_id=1295","og_locale":"es_ES","og_type":"article","og_title":"Eyewear Selector | Oscar Deniz | Visilab","og_description":"The widespread availability of portable computing power and inexpensive digital videocameras opens up new possibilities for helping retailers in a number of markets...","og_url":"http:\/\/visilab.etsii.uclm.es\/?page_id=1295","og_site_name":"VISILAB","article_modified_time":"2015-07-21T07:16:24+00:00","og_image":[{"url":"http:\/\/visilab.etsii.uclm.es\/personas\/oscar\/SelectorGafas\/camara1_salida.gif","type":"","width":"","height":""}],"twitter_card":"summary_large_image","twitter_site":"@GrupoVisilab","twitter_misc":{"Tiempo de lectura":"1 minuto"},"schema":{"@context":"https:\/\/schema.org","@graph":[{"@type":"WebPage","@id":"http:\/\/visilab.etsii.uclm.es\/?page_id=1295","url":"http:\/\/visilab.etsii.uclm.es\/?page_id=1295","name":"Eyewear Selector | Oscar Deniz | Visilab","isPartOf":{"@id":"http:\/\/visilab.etsii.uclm.es\/#website"},"primaryImageOfPage":{"@id":"http:\/\/visilab.etsii.uclm.es\/?page_id=1295#primaryimage"},"image":{"@id":"http:\/\/visilab.etsii.uclm.es\/?page_id=1295#primaryimage"},"thumbnailUrl":"http:\/\/visilab.etsii.uclm.es\/personas\/oscar\/SelectorGafas\/camara1_salida.gif","datePublished":"2015-07-17T07:08:18+00:00","dateModified":"2015-07-21T07:16:24+00:00","description":"The widespread availability of portable computing power and inexpensive digital videocameras opens up new possibilities for helping retailers in a number of markets...","breadcrumb":{"@id":"http:\/\/visilab.etsii.uclm.es\/?page_id=1295#breadcrumb"},"inLanguage":"es","potentialAction":[{"@type":"ReadAction","target":["http:\/\/visilab.etsii.uclm.es\/?page_id=1295"]}]},{"@type":"ImageObject","inLanguage":"es","@id":"http:\/\/visilab.etsii.uclm.es\/?page_id=1295#primaryimage","url":"http:\/\/visilab.etsii.uclm.es\/personas\/oscar\/SelectorGafas\/camara1_salida.gif","contentUrl":"http:\/\/visilab.etsii.uclm.es\/personas\/oscar\/SelectorGafas\/camara1_salida.gif"},{"@type":"BreadcrumbList","@id":"http:\/\/visilab.etsii.uclm.es\/?page_id=1295#breadcrumb","itemListElement":[{"@type":"ListItem","position":1,"name":"Portada","item":"http:\/\/visilab.etsii.uclm.es\/?page_id=1029"},{"@type":"ListItem","position":2,"name":"Oscar Deniz &#8211; eng","item":"http:\/\/visilab.etsii.uclm.es\/?page_id=1065"},{"@type":"ListItem","position":3,"name":"EYEWEAR SELECTOR"}]},{"@type":"WebSite","@id":"http:\/\/visilab.etsii.uclm.es\/#website","url":"http:\/\/visilab.etsii.uclm.es\/","name":"VISILAB","description":"Grupo de Visi\u00f3n y Sistemas Inteligentes UCLM","potentialAction":[{"@type":"SearchAction","target":{"@type":"EntryPoint","urlTemplate":"http:\/\/visilab.etsii.uclm.es\/?s={search_term_string}"},"query-input":{"@type":"PropertyValueSpecification","valueRequired":true,"valueName":"search_term_string"}}],"inLanguage":"es"}]}},"jetpack_sharing_enabled":true,"jetpack_shortlink":"https:\/\/wp.me\/P5HIwh-kT","_links":{"self":[{"href":"http:\/\/visilab.etsii.uclm.es\/index.php?rest_route=\/wp\/v2\/pages\/1295","targetHints":{"allow":["GET"]}}],"collection":[{"href":"http:\/\/visilab.etsii.uclm.es\/index.php?rest_route=\/wp\/v2\/pages"}],"about":[{"href":"http:\/\/visilab.etsii.uclm.es\/index.php?rest_route=\/wp\/v2\/types\/page"}],"author":[{"embeddable":true,"href":"http:\/\/visilab.etsii.uclm.es\/index.php?rest_route=\/wp\/v2\/users\/3"}],"replies":[{"embeddable":true,"href":"http:\/\/visilab.etsii.uclm.es\/index.php?rest_route=%2Fwp%2Fv2%2Fcomments&post=1295"}],"version-history":[{"count":13,"href":"http:\/\/visilab.etsii.uclm.es\/index.php?rest_route=\/wp\/v2\/pages\/1295\/revisions"}],"predecessor-version":[{"id":1310,"href":"http:\/\/visilab.etsii.uclm.es\/index.php?rest_route=\/wp\/v2\/pages\/1295\/revisions\/1310"}],"up":[{"embeddable":true,"href":"http:\/\/visilab.etsii.uclm.es\/index.php?rest_route=\/wp\/v2\/pages\/1065"}],"wp:attachment":[{"href":"http:\/\/visilab.etsii.uclm.es\/index.php?rest_route=%2Fwp%2Fv2%2Fmedia&parent=1295"}],"curies":[{"name":"wp","href":"https:\/\/api.w.org\/{rel}","templated":true}]}}