{"id":1468,"date":"2015-07-21T10:05:40","date_gmt":"2015-07-21T08:05:40","guid":{"rendered":"http:\/\/visilab.etsii.uclm.es\/?page_id=1468"},"modified":"2025-01-28T09:08:01","modified_gmt":"2025-01-28T08:08:01","slug":"latex-esencial-para-tfg","status":"publish","type":"page","link":"https:\/\/visilab.etsii.uclm.es\/?page_id=1468","title":{"rendered":"Jes\u00fas Salido &#8211; Latex"},"content":{"rendered":"<h2><br \/><span style=\"color: #99ccff;\"><em>Curso de Ense\u00f1anzas Propias:<\/em>\u00a0<\/span><br \/><strong>LaTeX esencial<\/strong> para preparaci\u00f3n de TFG y otros documentos acad\u00e9micos<\/h2>\r\n<ul>\r\n<li>Profesor: Jes\u00fas Salido Tercero <br \/><a href=\"http:\/\/visilab.etsii.uclm.es\/wp-content\/uploads\/2020\/01\/jsalido.png\"><img decoding=\"async\" src=\"http:\/\/visilab.etsii.uclm.es\/wp-content\/uploads\/2020\/01\/jsalido.png\" alt=\"\" width=\"158\" height=\"11\" data-id=\"2552\" \/><\/a><\/li>\r\n<li>Duraci\u00f3n del curso: 20 hrs. (explicaciones, ejercicios, tutor\u00edas)<\/li>\r\n<li>Fechas de realizaci\u00f3n: <mark>(- nuevo aviso-)<\/mark><\/li>\r\n<li>Horario aprox.: viernes de 16:00 a 20:00 hrs. <em>(Nota: Se fijar\u00e1n horas de tutor\u00eda semanal con el alumnado)<\/em>.<\/li>\r\n<li>Lugar de celebraci\u00f3n: <em><span style=\"color: #ff6600;\">ONLINE (Teams), con grabaci\u00f3n de sesiones para revisi\u00f3n as\u00edncrona.<\/span><\/em><\/li>\r\n<li>Precios: <strong>80 \u20ac<\/strong> (alumnos UCLM), 150 \u20ac (ex-alumnos y personal UCLM), 250 \u20ac (externos)<\/li>\r\n<li>Plazos:\r\n<ul>\r\n<li><em>&#x1f449; <\/em>Reserva tu plaza hasta <mark>(-nuevo aviso-)<\/mark> , mediante <strong><em><a href=\"https:\/\/forms.office.com\/r\/60M6q2YygL\" target=\"_blank\" rel=\"noopener\">formulario<\/a><\/em><\/strong>, email dirigido al profesor del curso o presencialmente en la secretar\u00eda de la ESI.<\/li>\r\n<li><strong>Matr\u00edcula<\/strong>: desde <mark> (-nuevo aviso-)<\/mark>\u00a0mediante plataforma <strong><a href=\"https:\/\/cursosweb.uclm.es\/\" target=\"_blank\" rel=\"noopener\">Cursos Web<\/a><\/strong> (cod. curso: <strong>??<\/strong>). Tras formalizarla y en un plazo de 24 hrs. se proporciona acceso a Campus Virtual.<\/li>\r\n<\/ul>\r\n<\/li>\r\n<\/ul>\r\n<ul>\r\n<li>Reconocimiento de\u00a01 cr\u00e9dito ECTS.<\/li>\r\n<li>Documentaci\u00f3n seleccionada.<\/li>\r\n<li>Soporte perpetuo.<\/li>\r\n<\/ul>\r\n<p>&#x1f449; Descarga ChuLaTeX: Una \u00abchuleta\u00bb muy \u00abchula\u00bb de LaTeX desde el enlace a su DOI en zenodo:<\/p>\r\n<p><a href=\"https:\/\/doi.org\/10.5281\/zenodo.10723592\"><img decoding=\"async\" src=\"https:\/\/zenodo.org\/badge\/DOI\/10.5281\/zenodo.10723592.svg\" alt=\"DOI\" \/><\/a><\/p>\r\n<p><em>&#x1f449; <\/em>Descarga la plantilla LaTeX de TFG para la ESI (UCLM) desde el enlace a su DOI en zenodo (disponible en <a href=\"https:\/\/www.overleaf.com\/latex\/templates\/plantilla-de-tfg-escuela-superior-de-informatica-uclm\/phjgscmfqtsw\" target=\"_blank\" rel=\"noopener\">Overleaf<\/a>):<\/p>\r\n<div id=\"content\">\r\n<p><a href=\"https:\/\/zenodo.org\/badge\/latestdoi\/191907589\" target=\"_blank\" rel=\"noopener\"><img decoding=\"async\" class=\"alignnone\" src=\"https:\/\/zenodo.org\/badge\/191907589.svg\" alt=\"DOI\" width=\"186\" height=\"20\" \/><\/a><\/p>\r\n<\/div>\r\n<p><em><span style=\"color: #ff9900;\">IMPORTANTE: Ante cualquier duda o problema con el proceso, por favor contactar con el profesor<\/span><\/em>. Sigue las novedades mediante <a href=\"https:\/\/twitter.com\/\" target=\"_blank\" rel=\"noopener noreferrer\">twitter<\/a> (@jsalido #LaTeX4TFG) y <a href=\"https:\/\/t.me\/latex4tfg\" target=\"_blank\" rel=\"noopener noreferrer\">telegram<\/a>.<\/p>\r\n<h2>Prop\u00f3sito del curso<\/h2>\r\n<p class=\"whitespace-pre-wrap break-words\" style=\"padding-left: 40px;\"><em>\u00a1Descubre el poder de LaTeX y lleva tus documentos acad\u00e9micos al siguiente nivel!<\/em><\/p>\r\n<p class=\"whitespace-pre-wrap break-words\">Este curso te sumergir\u00e1 en el fascinante mundo de LaTeX, proporcion\u00e1ndote las habilidades esenciales para crear documentos de calidad profesional con facilidad y eficiencia. Ya sea que est\u00e9s trabajando en tu TFG, tesis doctoral, manual docente o una publicaci\u00f3n cient\u00edfica, dominar\u00e1s las t\u00e9cnicas necesarias para destacar en el \u00e1mbito acad\u00e9mico.<\/p>\r\n<p class=\"whitespace-pre-wrap break-words\">\u00bfQu\u00e9 aprender\u00e1s?<\/p>\r\n<ul class=\"-mt-1 list-disc space-y-2 pl-8\">\r\n<li class=\"whitespace-normal break-words\">Domina tanto el popular editor en l\u00ednea Overleaf como una instalaci\u00f3n local completa<\/li>\r\n<li>Adquiere habilidades vers\u00e1tiles aplicables a cualquier entorno de trabajo<\/li>\r\n<li class=\"whitespace-normal break-words\">Optimiza tu flujo de trabajo con sistemas de control de versiones (Git + GitHub)<\/li>\r\n<li class=\"whitespace-normal break-words\">Potencia tu productividad integrando las \u00faltimas herramientas de Inteligencia Artificial, como ChatGPT<\/li>\r\n<\/ul>\r\n<p class=\"whitespace-pre-wrap break-words\">Lo mejor de todo: <em>\u00a1todas las herramientas utilizadas en este curso son completamente gratuitas!<\/em><\/p>\r\n<p class=\"whitespace-pre-wrap break-words\">Prep\u00e1rate para revolucionar tu forma de crear documentos acad\u00e9micos y destaca con resultados impecables. Comprueba los <a href=\"https:\/\/github.com\/JesusSalido\/CircsTecobook\" target=\"_blank\" rel=\"noopener\">resultados<\/a> que puedes llegar a obtener <em>\u00a1Tu camino hacia la excelencia en LaTeX comienza aqu\u00ed!<\/em><\/p>\r\n<h2>A qui\u00e9n va dirigido el curso<\/h2>\r\n<p>Dirigido a cualquiera en la comunidad universitaria (alumnado, PDI y PAS), tanto si su perfil es t\u00e9cnico como si no lo es. El \u00fanico requisito es disponer de un ordenador conectado a Internet y tener conocimientos b\u00e1sicos de inform\u00e1tica.<\/p>\r\n<h2>Desarrollo y material del curso<\/h2>\r\n<ul>\r\n<li><i>Sesiones\u00a0 <strong>online<\/strong> (Teams)\u00a0 <em>grabadas para visionado as\u00edncrono (solo accesible al alumnado del curso).<\/em><\/i><\/li>\r\n<li><em>Manuales y recursos gratuitos<\/em> sobre los contenidos.<\/li>\r\n<li><i><em>Soporte \u00abperpetuo\u00bb de dudas sobre LaTeX y herramientas auxiliares, incluso una vez finalizado el curso.<\/em><\/i><\/li>\r\n<li><i><em>Tutor\u00edas presenciales.<\/em><\/i><\/li>\r\n<\/ul>\r\n<!-- <p>El curso se desarrollar\u00e1 presencialmente en un aula de la Escuela Superior de Inform\u00e1tica (ESI-C.Real) siguiendo los protocolos establecidos por las autoridades sanitarias. La retransmisi\u00f3n s\u00edncrona emplear\u00e1 la plataforma MS Teams. Ser\u00e1 imprescindible emplear equipo propio para instalar el software del curso seg\u00fan las preferencias y necesidades personales. El material auxiliar del curso (apuntes, ejemplos, plantillas, software auxiliar, etc.) estar\u00e1 disponible en formato electr\u00f3nico a trav\u00e9s de <a style=\"font-family: var( --e-global-typography-text-font-family ), Sans-serif; font-weight: var( --e-global-typography-text-font-weight );\" href=\"https:\/\/campusvirtual.uclm.es\/\" target=\"_blank\" rel=\"noopener noreferrer\">Campus Virtual<\/a>.\u00a0<\/p> <span data-mce-type=\"bookmark\" style=\"display: inline-block; width: 0px; overflow: hidden; line-height: 0;\" class=\"mce_SELRES_start\"><\/span>-->\r\n<h2>Programa del curso<\/h2>\r\n<h5><a href=\"#collapseOne\" data-toggle=\"collapse\" data-parent=\"#accordion\">Sesi\u00f3n 1: Introducci\u00f3n<br \/><\/a><\/h5>\r\n<ol>\r\n<li>\u00bfC\u00f3mo funciona LaTeX?<\/li>\r\n<li>LaTeX vs. procesadores WYSIWYG<\/li>\r\n<li>Instalaci\u00f3n de LaTeX y herramientas auxiliares<\/li>\r\n<li>Instalaci\u00f3n local vs. versi\u00f3n on-line (Overleaf)<\/li>\r\n<li>El primer documento LaTeX y el control de versiones con git\/GitHub<\/li>\r\n<li>Errores m\u00e1s frecuentes y soluciones<\/li>\r\n<li>Uso de herramientas de IA (ChatGPT y otros)<\/li>\r\n<\/ol>\r\n<h5><a href=\"#collapseTwo\" data-toggle=\"collapse\" data-parent=\"#accordion\">Sesi\u00f3n 2: Tipograf\u00eda y organizaci\u00f3n de documentos<br \/><\/a><\/h5>\r\n<ol>\r\n<li>Tipograf\u00eda con LaTeX<\/li>\r\n<li>Justificaci\u00f3n del texto<\/li>\r\n<li>Organizaci\u00f3n del texto<\/li>\r\n<li>\u00cdndices (contenido, figuras, listados, etc.)<\/li>\r\n<li>Referencias cruzadas<\/li>\r\n<li>Hiperenlaces en PDF<\/li>\r\n<li>Documentos muy extensos (libros, manuales, tesis, etc.)<\/li>\r\n<\/ol>\r\n<h5><a href=\"#collapseThree\" data-toggle=\"collapse\" data-parent=\"#accordion\">Sesi\u00f3n 3: Documentos enriquecidos<br \/><\/a><\/h5>\r\n<ol>\r\n<li>Figuras y gr\u00e1ficos<\/li>\r\n<li>Tablas<\/li>\r\n<li>Ecuaciones matem\u00e1ticas<\/li>\r\n<li>Listados de programas y otras especialidades<\/li>\r\n<li>Citas y referencias bibliogr\u00e1ficas<\/li>\r\n<li>\u00cdndice tem\u00e1tico<\/li>\r\n<\/ol>\r\n<h5><a href=\"#collapseFour\" data-toggle=\"collapse\" data-parent=\"#accordion\">Sesi\u00f3n 4: Personalizando documentos<br \/><\/a><\/h5>\r\n<ol>\r\n<li>Plantillas y paquetes<\/li>\r\n<li>Portadas<\/li>\r\n<li>M\u00e1rgenes, cabeceras y pies de p\u00e1gina<\/li>\r\n<li>Internacionalizaci\u00f3n<\/li>\r\n<li>Otras especialidades<\/li>\r\n<\/ol>\r\n<p><\/p>\r\n<p><\/p>","protected":false},"excerpt":{"rendered":"<p>Curso de Ense\u00f1anzas Propias:\u00a0LaTeX esencial para preparaci\u00f3n de TFG y otros documentos acad\u00e9micos Profesor: Jes\u00fas Salido Tercero Duraci\u00f3n del curso: 20 hrs. (explicaciones, ejercicios, tutor\u00edas) Fechas de realizaci\u00f3n: (- nuevo aviso-) Horario aprox.: viernes de 16:00 a 20:00 hrs. (Nota: Se fijar\u00e1n horas de tutor\u00eda semanal con el alumnado). Lugar de celebraci\u00f3n: ONLINE (Teams), con [&hellip;]<\/p>\n","protected":false},"author":4,"featured_media":0,"parent":543,"menu_order":0,"comment_status":"closed","ping_status":"closed","template":"page-templates\/page-left-column.php","meta":{"jetpack_post_was_ever_published":false,"footnotes":"","_links_to":"","_links_to_target":""},"class_list":["post-1468","page","type-page","status-publish","hentry"],"yoast_head":"<!-- This site is optimized with the Yoast SEO plugin v26.4 - https:\/\/yoast.com\/wordpress\/plugins\/seo\/ -->\n<title>Jes\u00fas Salido - Latex VISILAB<\/title>\n<meta name=\"description\" content=\"Curso de LaTeX para preparaci\u00f3n de TFG y tesis\" \/>\n<meta name=\"robots\" content=\"index, follow, max-snippet:-1, max-image-preview:large, max-video-preview:-1\" \/>\n<link rel=\"canonical\" href=\"https:\/\/visilab.etsii.uclm.es\/?page_id=1468\" \/>\n<meta property=\"og:locale\" content=\"es_ES\" \/>\n<meta property=\"og:type\" content=\"article\" \/>\n<meta property=\"og:title\" content=\"Jes\u00fas Salido - Latex VISILAB\" \/>\n<meta property=\"og:description\" content=\"Curso de LaTeX para preparaci\u00f3n de TFG y tesis\" \/>\n<meta property=\"og:url\" content=\"https:\/\/visilab.etsii.uclm.es\/?page_id=1468\" \/>\n<meta property=\"og:site_name\" content=\"VISILAB\" \/>\n<meta property=\"article:modified_time\" content=\"2025-01-28T08:08:01+00:00\" \/>\n<meta property=\"og:image\" content=\"http:\/\/visilab.etsii.uclm.es\/wp-content\/uploads\/2020\/01\/jsalido.png\" \/>\n<meta name=\"twitter:card\" content=\"summary_large_image\" \/>\n<meta name=\"twitter:site\" content=\"@GrupoVisilab\" \/>\n<meta name=\"twitter:label1\" content=\"Tiempo de lectura\" \/>\n\t<meta name=\"twitter:data1\" content=\"4 minutos\" \/>\n<script type=\"application\/ld+json\" class=\"yoast-schema-graph\">{\"@context\":\"https:\/\/schema.org\",\"@graph\":[{\"@type\":\"WebPage\",\"@id\":\"https:\/\/visilab.etsii.uclm.es\/?page_id=1468\",\"url\":\"https:\/\/visilab.etsii.uclm.es\/?page_id=1468\",\"name\":\"Jes\u00fas Salido - Latex VISILAB\",\"isPartOf\":{\"@id\":\"https:\/\/visilab.etsii.uclm.es\/#website\"},\"primaryImageOfPage\":{\"@id\":\"https:\/\/visilab.etsii.uclm.es\/?page_id=1468#primaryimage\"},\"image\":{\"@id\":\"https:\/\/visilab.etsii.uclm.es\/?page_id=1468#primaryimage\"},\"thumbnailUrl\":\"http:\/\/visilab.etsii.uclm.es\/wp-content\/uploads\/2020\/01\/jsalido.png\",\"datePublished\":\"2015-07-21T08:05:40+00:00\",\"dateModified\":\"2025-01-28T08:08:01+00:00\",\"description\":\"Curso de LaTeX para preparaci\u00f3n de TFG y tesis\",\"breadcrumb\":{\"@id\":\"https:\/\/visilab.etsii.uclm.es\/?page_id=1468#breadcrumb\"},\"inLanguage\":\"es\",\"potentialAction\":[{\"@type\":\"ReadAction\",\"target\":[\"https:\/\/visilab.etsii.uclm.es\/?page_id=1468\"]}]},{\"@type\":\"ImageObject\",\"inLanguage\":\"es\",\"@id\":\"https:\/\/visilab.etsii.uclm.es\/?page_id=1468#primaryimage\",\"url\":\"http:\/\/visilab.etsii.uclm.es\/wp-content\/uploads\/2020\/01\/jsalido.png\",\"contentUrl\":\"http:\/\/visilab.etsii.uclm.es\/wp-content\/uploads\/2020\/01\/jsalido.png\"},{\"@type\":\"BreadcrumbList\",\"@id\":\"https:\/\/visilab.etsii.uclm.es\/?page_id=1468#breadcrumb\",\"itemListElement\":[{\"@type\":\"ListItem\",\"position\":1,\"name\":\"Portada\",\"item\":\"http:\/\/visilab.etsii.uclm.es\/?page_id=1029\"},{\"@type\":\"ListItem\",\"position\":2,\"name\":\"Jes\u00fas Salido\",\"item\":\"https:\/\/visilab.etsii.uclm.es\/?page_id=543\"},{\"@type\":\"ListItem\",\"position\":3,\"name\":\"Jes\u00fas Salido &#8211; Latex\"}]},{\"@type\":\"WebSite\",\"@id\":\"https:\/\/visilab.etsii.uclm.es\/#website\",\"url\":\"https:\/\/visilab.etsii.uclm.es\/\",\"name\":\"VISILAB\",\"description\":\"Grupo de Visi\u00f3n y Sistemas Inteligentes UCLM\",\"potentialAction\":[{\"@type\":\"SearchAction\",\"target\":{\"@type\":\"EntryPoint\",\"urlTemplate\":\"https:\/\/visilab.etsii.uclm.es\/?s={search_term_string}\"},\"query-input\":{\"@type\":\"PropertyValueSpecification\",\"valueRequired\":true,\"valueName\":\"search_term_string\"}}],\"inLanguage\":\"es\"}]}<\/script>\n<!-- \/ Yoast SEO plugin. -->","yoast_head_json":{"title":"Jes\u00fas Salido - Latex VISILAB","description":"Curso de LaTeX para preparaci\u00f3n de TFG y tesis","robots":{"index":"index","follow":"follow","max-snippet":"max-snippet:-1","max-image-preview":"max-image-preview:large","max-video-preview":"max-video-preview:-1"},"canonical":"https:\/\/visilab.etsii.uclm.es\/?page_id=1468","og_locale":"es_ES","og_type":"article","og_title":"Jes\u00fas Salido - Latex VISILAB","og_description":"Curso de LaTeX para preparaci\u00f3n de TFG y tesis","og_url":"https:\/\/visilab.etsii.uclm.es\/?page_id=1468","og_site_name":"VISILAB","article_modified_time":"2025-01-28T08:08:01+00:00","og_image":[{"url":"http:\/\/visilab.etsii.uclm.es\/wp-content\/uploads\/2020\/01\/jsalido.png","type":"","width":"","height":""}],"twitter_card":"summary_large_image","twitter_site":"@GrupoVisilab","twitter_misc":{"Tiempo de lectura":"4 minutos"},"schema":{"@context":"https:\/\/schema.org","@graph":[{"@type":"WebPage","@id":"https:\/\/visilab.etsii.uclm.es\/?page_id=1468","url":"https:\/\/visilab.etsii.uclm.es\/?page_id=1468","name":"Jes\u00fas Salido - Latex VISILAB","isPartOf":{"@id":"https:\/\/visilab.etsii.uclm.es\/#website"},"primaryImageOfPage":{"@id":"https:\/\/visilab.etsii.uclm.es\/?page_id=1468#primaryimage"},"image":{"@id":"https:\/\/visilab.etsii.uclm.es\/?page_id=1468#primaryimage"},"thumbnailUrl":"http:\/\/visilab.etsii.uclm.es\/wp-content\/uploads\/2020\/01\/jsalido.png","datePublished":"2015-07-21T08:05:40+00:00","dateModified":"2025-01-28T08:08:01+00:00","description":"Curso de LaTeX para preparaci\u00f3n de TFG y tesis","breadcrumb":{"@id":"https:\/\/visilab.etsii.uclm.es\/?page_id=1468#breadcrumb"},"inLanguage":"es","potentialAction":[{"@type":"ReadAction","target":["https:\/\/visilab.etsii.uclm.es\/?page_id=1468"]}]},{"@type":"ImageObject","inLanguage":"es","@id":"https:\/\/visilab.etsii.uclm.es\/?page_id=1468#primaryimage","url":"http:\/\/visilab.etsii.uclm.es\/wp-content\/uploads\/2020\/01\/jsalido.png","contentUrl":"http:\/\/visilab.etsii.uclm.es\/wp-content\/uploads\/2020\/01\/jsalido.png"},{"@type":"BreadcrumbList","@id":"https:\/\/visilab.etsii.uclm.es\/?page_id=1468#breadcrumb","itemListElement":[{"@type":"ListItem","position":1,"name":"Portada","item":"http:\/\/visilab.etsii.uclm.es\/?page_id=1029"},{"@type":"ListItem","position":2,"name":"Jes\u00fas Salido","item":"https:\/\/visilab.etsii.uclm.es\/?page_id=543"},{"@type":"ListItem","position":3,"name":"Jes\u00fas Salido &#8211; Latex"}]},{"@type":"WebSite","@id":"https:\/\/visilab.etsii.uclm.es\/#website","url":"https:\/\/visilab.etsii.uclm.es\/","name":"VISILAB","description":"Grupo de Visi\u00f3n y Sistemas Inteligentes UCLM","potentialAction":[{"@type":"SearchAction","target":{"@type":"EntryPoint","urlTemplate":"https:\/\/visilab.etsii.uclm.es\/?s={search_term_string}"},"query-input":{"@type":"PropertyValueSpecification","valueRequired":true,"valueName":"search_term_string"}}],"inLanguage":"es"}]}},"jetpack_sharing_enabled":true,"jetpack_shortlink":"https:\/\/wp.me\/P5HIwh-nG","_links":{"self":[{"href":"https:\/\/visilab.etsii.uclm.es\/index.php?rest_route=\/wp\/v2\/pages\/1468","targetHints":{"allow":["GET"]}}],"collection":[{"href":"https:\/\/visilab.etsii.uclm.es\/index.php?rest_route=\/wp\/v2\/pages"}],"about":[{"href":"https:\/\/visilab.etsii.uclm.es\/index.php?rest_route=\/wp\/v2\/types\/page"}],"author":[{"embeddable":true,"href":"https:\/\/visilab.etsii.uclm.es\/index.php?rest_route=\/wp\/v2\/users\/4"}],"replies":[{"embeddable":true,"href":"https:\/\/visilab.etsii.uclm.es\/index.php?rest_route=%2Fwp%2Fv2%2Fcomments&post=1468"}],"version-history":[{"count":223,"href":"https:\/\/visilab.etsii.uclm.es\/index.php?rest_route=\/wp\/v2\/pages\/1468\/revisions"}],"predecessor-version":[{"id":3742,"href":"https:\/\/visilab.etsii.uclm.es\/index.php?rest_route=\/wp\/v2\/pages\/1468\/revisions\/3742"}],"up":[{"embeddable":true,"href":"https:\/\/visilab.etsii.uclm.es\/index.php?rest_route=\/wp\/v2\/pages\/543"}],"wp:attachment":[{"href":"https:\/\/visilab.etsii.uclm.es\/index.php?rest_route=%2Fwp%2Fv2%2Fmedia&parent=1468"}],"curies":[{"name":"wp","href":"https:\/\/api.w.org\/{rel}","templated":true}]}}