{"id":710,"date":"2015-06-08T10:43:47","date_gmt":"2015-06-08T08:43:47","guid":{"rendered":"http:\/\/161.67.140.60\/visilab_home\/?page_id=710"},"modified":"2020-12-15T23:36:05","modified_gmt":"2020-12-15T22:36:05","slug":"jobs-2","status":"publish","type":"page","link":"https:\/\/visilab.etsii.uclm.es\/?page_id=710","title":{"rendered":"Courses"},"content":{"rendered":"<p><!-- Write your comments here --><br \/>\n<!-- \n\n<h2>Applications and contact<\/h2>\n\n\nIf you are interested in working with us, you can contact us via email grupo.visilab@uclm.es. For faster processing of your application you should include the following information:\n\n\n<ul>\n\t\n\n<li>Updated Curriculum Vitae<\/li>\n\n\n\t\n\n<li>Marks obtained in graduate studies<\/li>\n\n\n\t\n\n<li>Preferences on the subject of work<\/li>\n\n\n<\/ul>\n\n\n--><\/p>\n<ul>\n<li>\n<h3><a href=\"http:\/\/visilab.etsii.uclm.es\/?page_id=2660\"><strong>Curso de Microscop\u00eda y Aplicaciones<\/strong><\/a><!-- Write your comments here --><\/h3>\n<\/li>\n<li>\n<h3><a href=\"http:\/\/visilab.etsii.uclm.es\/?page_id=2976\"><strong>Curso de Procesado de Im\u00e1genes Microsc\u00f3picas con ImageJ\/Fiji<\/strong><\/a><\/h3>\n<\/li>\n<\/ul>\n<p><!--\n\n\n<h3>Solicitudes y contacto<\/h3>\n\n\nSi est\u00e1s interesada\/o en trabajar con nosotros puedes consultarnos v\u00eda correo electr\u00f3nico grupo.visilab@uclm.es. Para un procesamiento m\u00e1s r\u00e1pido de tu solicitud incorpora la siguiente informaci\u00f3n:\n\n\n<ul>\n<!\n \t\n\n<li>Curriculum Vitae actualizado.<\/li>\n\n\n<!\n \t\n\n<li>Listado actualizado de notas obtenidas en la carrera (es suficiente con el listado obtenido en la plataforma Campus Virtual).<\/li>\n\n\n<!\n \t\n\n<li>Preferencias sobre el tema de realizaci\u00f3n del trabajo.<\/li>\n\n\n<\/ul>\n\n\n--><\/p>\n","protected":false},"excerpt":{"rendered":"<p>Curso de Microscop\u00eda y Aplicaciones Curso de Procesado de Im\u00e1genes Microsc\u00f3picas con ImageJ\/Fiji<\/p>\n","protected":false},"author":1,"featured_media":0,"parent":0,"menu_order":0,"comment_status":"closed","ping_status":"closed","template":"page-templates\/page-full-width.php","meta":{"jetpack_post_was_ever_published":false,"footnotes":"","_links_to":"","_links_to_target":""},"class_list":["post-710","page","type-page","status-publish","hentry"],"yoast_head":"<!-- This site is optimized with the Yoast SEO plugin v26.4 - https:\/\/yoast.com\/wordpress\/plugins\/seo\/ -->\n<title>Jobs VISILAB | Computer Vision and Artificial Intelligence research group<\/title>\n<meta name=\"description\" content=\"VISILAB offers positions at postdoc and PhD student research. Universidad de Castilla-La Mancha, Spain.\" \/>\n<meta name=\"robots\" content=\"index, follow, max-snippet:-1, max-image-preview:large, max-video-preview:-1\" \/>\n<link rel=\"canonical\" href=\"https:\/\/visilab.etsii.uclm.es\/?page_id=710\" \/>\n<meta property=\"og:locale\" content=\"es_ES\" \/>\n<meta property=\"og:type\" content=\"article\" \/>\n<meta property=\"og:title\" content=\"Jobs VISILAB | Computer Vision and Artificial Intelligence research group\" \/>\n<meta property=\"og:description\" content=\"VISILAB offers positions at postdoc and PhD student research. Universidad de Castilla-La Mancha, Spain.\" \/>\n<meta property=\"og:url\" content=\"https:\/\/visilab.etsii.uclm.es\/?page_id=710\" \/>\n<meta property=\"og:site_name\" content=\"VISILAB\" \/>\n<meta property=\"article:modified_time\" content=\"2020-12-15T22:36:05+00:00\" \/>\n<meta name=\"twitter:card\" content=\"summary_large_image\" \/>\n<meta name=\"twitter:site\" content=\"@GrupoVisilab\" \/>\n<script type=\"application\/ld+json\" class=\"yoast-schema-graph\">{\"@context\":\"https:\/\/schema.org\",\"@graph\":[{\"@type\":\"WebPage\",\"@id\":\"https:\/\/visilab.etsii.uclm.es\/?page_id=710\",\"url\":\"https:\/\/visilab.etsii.uclm.es\/?page_id=710\",\"name\":\"Jobs VISILAB | Computer Vision and Artificial Intelligence research group\",\"isPartOf\":{\"@id\":\"https:\/\/visilab.etsii.uclm.es\/#website\"},\"datePublished\":\"2015-06-08T08:43:47+00:00\",\"dateModified\":\"2020-12-15T22:36:05+00:00\",\"description\":\"VISILAB offers positions at postdoc and PhD student research. Universidad de Castilla-La Mancha, Spain.\",\"breadcrumb\":{\"@id\":\"https:\/\/visilab.etsii.uclm.es\/?page_id=710#breadcrumb\"},\"inLanguage\":\"es\",\"potentialAction\":[{\"@type\":\"ReadAction\",\"target\":[\"https:\/\/visilab.etsii.uclm.es\/?page_id=710\"]}]},{\"@type\":\"BreadcrumbList\",\"@id\":\"https:\/\/visilab.etsii.uclm.es\/?page_id=710#breadcrumb\",\"itemListElement\":[{\"@type\":\"ListItem\",\"position\":1,\"name\":\"Portada\",\"item\":\"http:\/\/visilab.etsii.uclm.es\/?page_id=1029\"},{\"@type\":\"ListItem\",\"position\":2,\"name\":\"Courses\"}]},{\"@type\":\"WebSite\",\"@id\":\"https:\/\/visilab.etsii.uclm.es\/#website\",\"url\":\"https:\/\/visilab.etsii.uclm.es\/\",\"name\":\"VISILAB\",\"description\":\"Grupo de Visi\u00f3n y Sistemas Inteligentes UCLM\",\"potentialAction\":[{\"@type\":\"SearchAction\",\"target\":{\"@type\":\"EntryPoint\",\"urlTemplate\":\"https:\/\/visilab.etsii.uclm.es\/?s={search_term_string}\"},\"query-input\":{\"@type\":\"PropertyValueSpecification\",\"valueRequired\":true,\"valueName\":\"search_term_string\"}}],\"inLanguage\":\"es\"}]}<\/script>\n<!-- \/ Yoast SEO plugin. -->","yoast_head_json":{"title":"Jobs VISILAB | Computer Vision and Artificial Intelligence research group","description":"VISILAB offers positions at postdoc and PhD student research. Universidad de Castilla-La Mancha, Spain.","robots":{"index":"index","follow":"follow","max-snippet":"max-snippet:-1","max-image-preview":"max-image-preview:large","max-video-preview":"max-video-preview:-1"},"canonical":"https:\/\/visilab.etsii.uclm.es\/?page_id=710","og_locale":"es_ES","og_type":"article","og_title":"Jobs VISILAB | Computer Vision and Artificial Intelligence research group","og_description":"VISILAB offers positions at postdoc and PhD student research. Universidad de Castilla-La Mancha, Spain.","og_url":"https:\/\/visilab.etsii.uclm.es\/?page_id=710","og_site_name":"VISILAB","article_modified_time":"2020-12-15T22:36:05+00:00","twitter_card":"summary_large_image","twitter_site":"@GrupoVisilab","schema":{"@context":"https:\/\/schema.org","@graph":[{"@type":"WebPage","@id":"https:\/\/visilab.etsii.uclm.es\/?page_id=710","url":"https:\/\/visilab.etsii.uclm.es\/?page_id=710","name":"Jobs VISILAB | Computer Vision and Artificial Intelligence research group","isPartOf":{"@id":"https:\/\/visilab.etsii.uclm.es\/#website"},"datePublished":"2015-06-08T08:43:47+00:00","dateModified":"2020-12-15T22:36:05+00:00","description":"VISILAB offers positions at postdoc and PhD student research. Universidad de Castilla-La Mancha, Spain.","breadcrumb":{"@id":"https:\/\/visilab.etsii.uclm.es\/?page_id=710#breadcrumb"},"inLanguage":"es","potentialAction":[{"@type":"ReadAction","target":["https:\/\/visilab.etsii.uclm.es\/?page_id=710"]}]},{"@type":"BreadcrumbList","@id":"https:\/\/visilab.etsii.uclm.es\/?page_id=710#breadcrumb","itemListElement":[{"@type":"ListItem","position":1,"name":"Portada","item":"http:\/\/visilab.etsii.uclm.es\/?page_id=1029"},{"@type":"ListItem","position":2,"name":"Courses"}]},{"@type":"WebSite","@id":"https:\/\/visilab.etsii.uclm.es\/#website","url":"https:\/\/visilab.etsii.uclm.es\/","name":"VISILAB","description":"Grupo de Visi\u00f3n y Sistemas Inteligentes UCLM","potentialAction":[{"@type":"SearchAction","target":{"@type":"EntryPoint","urlTemplate":"https:\/\/visilab.etsii.uclm.es\/?s={search_term_string}"},"query-input":{"@type":"PropertyValueSpecification","valueRequired":true,"valueName":"search_term_string"}}],"inLanguage":"es"}]}},"jetpack_sharing_enabled":true,"jetpack_shortlink":"https:\/\/wp.me\/P5HIwh-bs","_links":{"self":[{"href":"https:\/\/visilab.etsii.uclm.es\/index.php?rest_route=\/wp\/v2\/pages\/710","targetHints":{"allow":["GET"]}}],"collection":[{"href":"https:\/\/visilab.etsii.uclm.es\/index.php?rest_route=\/wp\/v2\/pages"}],"about":[{"href":"https:\/\/visilab.etsii.uclm.es\/index.php?rest_route=\/wp\/v2\/types\/page"}],"author":[{"embeddable":true,"href":"https:\/\/visilab.etsii.uclm.es\/index.php?rest_route=\/wp\/v2\/users\/1"}],"replies":[{"embeddable":true,"href":"https:\/\/visilab.etsii.uclm.es\/index.php?rest_route=%2Fwp%2Fv2%2Fcomments&post=710"}],"version-history":[{"count":19,"href":"https:\/\/visilab.etsii.uclm.es\/index.php?rest_route=\/wp\/v2\/pages\/710\/revisions"}],"predecessor-version":[{"id":3094,"href":"https:\/\/visilab.etsii.uclm.es\/index.php?rest_route=\/wp\/v2\/pages\/710\/revisions\/3094"}],"wp:attachment":[{"href":"https:\/\/visilab.etsii.uclm.es\/index.php?rest_route=%2Fwp%2Fv2%2Fmedia&parent=710"}],"curies":[{"name":"wp","href":"https:\/\/api.w.org\/{rel}","templated":true}]}}